f (-2 + 224/(-3))*(-6)/4?
1
Let h = -62 + 150. What is the tens digit of h?
8
Suppose -2*g = 3*w - 419, 1132 - 254 = 4*g - 2*w. What is the units digit of g?
7
Let s(w) = -w**3 + 10*w**2 + w + 3. Let r be s(10). What is the tens digit of r + -2 + (-10)/(-2)?
1
What is the tens digit of 7*13 + 60/15?
9
Let x(s) = -24*s + 18. What is the hundreds digit of x(-5)?
1
Suppose 30 = -3*d + 6. Let h = -4 - d. Suppose -h*a + 6*a = 3*o - 3, a - 2*o = -4. What is the units digit of a?
6
Let o = 5 + -5. What is the tens digit of 36/2*(1 + o)?
1
Let o(f) = 6*f + 79. What is the tens digit of o(0)?
7
What is the hundreds digit of (-3 - (-1878)/(-30))/(4/(-10))?
1
Suppose 2*b - 8 = -0*x - 2*x, 3*b = x + 4. Suppose 0 = x*p - 22. What is the tens digit of p?
1
Suppose 5*v - 3*a = 65, -2*v + 26 = -0*v + 2*a. Let s be v + 1/(-2)*2. Let x = s + -5. What is the units digit of x?
7
Let d be (-26)/6 + (-2)/(-6). Let y = -1 - d. Suppose -y*v + 12 = -v. What is the units digit of v?
6
Suppose 578 = 2*o + 7*z - 3*z, 575 = 2*o + 5*z. What is the tens digit of o?
9
Suppose -4*s + 38 = t, 2*t - 11 = 3*s + 65. Let j = 54 - 36. Suppose -j - t = -4*q. What is the tens digit of q?
1
Let c = 7 + -4. Suppose 0 = -3*j + 3*b + c, b - 9 = -5*j + 4*b. Suppose 4*h - 9 = h - 5*s, 4*h = -j*s + 23. What is the units digit of h?
8
Suppose u + 4*u - 20 = 0. Let o be (12*-1)/(-3 + u). What is the units digit of 4/(-6)*o/8?
1
What is the units digit of ((-2)/(-4))/((-12)/(-1296))?
4
Let k(h) = h**2 + 4*h + 2. Let m be k(-5). Suppose 3*f - m = 5. Suppose -2*t + f + 0 = 0. What is the units digit of t?
2
Let r(l) = -l - 10. Let n = -2 + -5. Let a be r(n). Let v = a - -8. What is the units digit of v?
5
Let m(c) be the first derivative of -c**5/20 + c**4/3 - c**3/3 + 2*c**2 - c + 3. Let v(g) be the first derivative of m(g). What is the units digit of v(3)?
7
Suppose 10 = 6*u - 4*u. Suppose 0 = -3*w + u + 25. What is the units digit of w?
0
Let j be 0 + 1 + 15 - 1. Suppose 7 = -11*p + 12*p. Suppose p*y - 4*y = j. What is the units digit of y?
5
Let u(g) = g**2 - 3*g + 1. Let n be u(4). Let i(a) be the second derivative of a**3/6 - 2*a**2 + a. What is the units digit of i(n)?
1
Suppose j = -2*j + 213. Let x = j + -35. Suppose -2*h = 5*z - 14, 5*h + 1 = -5*z + x. What is the units digit of h?
7
Let i(o) = -6*o + 21. What is the hundreds digit of i(-14)?
1
Let s(z) = z**2 - 6*z + 4. Let u be s(6). Suppose 4*j - 100 = 3*n - 5*n, 4*j = -u*n + 216. What is the units digit of n?
8
Let c be 5 + 4/((-12)/9). Let r = -3 - -2. What is the units digit of (r/c)/(2/(-24))?
6
What is the tens digit of (18/12)/((-6)/(-464))?
1
Suppose j - b = 26, -3*b = 2*j - 4*j + 47. What is the units digit of j?
1
Let c(a) = 2*a**2 + 42*a - 7. What is the tens digit of c(-22)?
3
Let w(c) = 6. Let k(v) = -v + 6. Suppose -3*r = -0*r - 12. Let n(s) = r*w(s) - 5*k(s). What is the units digit of n(4)?
4
Let i(v) be the first derivative of v**4/4 - 11*v**3/3 + v**2/2 - 10*v - 1. What is the units digit of i(11)?
1
Suppose -4*f = -f - 12. Suppose f*w + 3 = -1. What is the units digit of 3 + (w - -1*3)?
5
Let i(r) = r**2 + 4*r + 4. What is the units digit of i(-5)?
9
Let k(l) = -2*l - 2. Let j be k(6). Let f = 37 + j. What is the units digit of f/7 - (-8)/(-28)?
3
Let v = 65 + -28. What is the units digit of v?
7
Suppose -4*n - 3*o + 84 = 0, n - 4*o - 8 = -8*o. What is the units digit of n?
4
Let t(l) = l**3 - 5*l**2 - 2*l + 3. Let n be t(5). Let r(s) = 6*s + s**2 - 2*s**2 + 2*s**2. What is the units digit of r(n)?
7
Suppose 305 = 5*t - 675. What is the units digit of t?
6
Let g be 44/(-20) - (-3)/15. What is the units digit of ((-32)/(-40))/(g/(-35))?
4
Suppose r - 4*r + 199 = -5*g, 3*r - 2*g = 184. What is the units digit of r?
8
What is the units digit of -3 + 77 + (-2 - 1)?
1
Let x = -50 + 148. What is the tens digit of x?
9
Let o(f) = 1 - 2*f - f**3 - 3*f**2 + 8*f**2 + 2. Let p be o(5). What is the units digit of (-30)/p - (-4)/(-14)?
4
Suppose -3*x = -x - 6. Suppose x*k + 7 = -5. Let z(f) = -f**3 - 4*f**2 - 2*f - 3. What is the units digit of z(k)?
5
Let l(p) = 0 + 3 + p**3 - 2*p - 5 + 0. What is the tens digit of l(3)?
1
Let r = -3 + 6. Suppose a = -r - 0. What is the units digit of 2 + 1 + a/3?
2
Let f(u) = u**3 + 7*u**2 + 4*u + 1. What is the units digit of f(-6)?
3
Let j(q) = q**3 + 4*q**2 - 3*q - 9. Let z(u) = -u**3 - 5*u**2 + 4*u + 10. Let r(b) = -5*j(b) - 4*z(b). Let p = -1 - -1. What is the units digit of r(p)?
5
Let n be -1*-10*(-3)/(-3). Let g be 36/15 - 4/n. Let h = 3 - g. What is the units digit of h?
1
Let x(y) = -y**2 - 14*y + 13. Let w = 1 + -14. What is the units digit of x(w)?
6
Let b = -3 + 40. What is the tens digit of b?
3
Suppose 0*d + 4*d = 232. What is the units digit of d?
8
Let l be (-2)/6 + 13/3. Let g be (-9)/6*4/(-3). Suppose -l*t = -m + 9, 3 = 5*m - t + g*t. What is the units digit of m?
1
Suppose 6*u + u - 1169 = 0. What is the hundreds digit of u?
1
Suppose -4*x + 1 + 2 = -w, 0 = 4*x + 3*w - 23. Suppose a - z + 0*z = -5, -7 = a - x*z. Let f = a + 4. What is the units digit of f?
1
Let l be 0/(-3*(-3)/9). Suppose -3*h - 2*b - 7 = l, -5*b - 24 = 3*h - 2*h. Suppose 0 = u - 2 + h. What is the units digit of u?
1
Let v(z) = -z**3 - 16*z**2 - 19*z - 7. What is the units digit of v(-15)?
3
Let h(i) = -i - 3. What is the units digit of h(-4)?
1
Let f(o) be the first derivative of 11*o**3/3 + o**2/2 + 2. What is the units digit of f(-1)?
0
Let v be (3/(-1))/(-3) + -2. Let u = -4 - v. Let p = u + 8. What is the units digit of p?
5
Suppose 3*h = 4*y + 175, 0 = 4*y - y + 2*h + 144. Let u = -64 - y. Let t = 27 + u. What is the units digit of t?
9
Let l(p) = -5*p**3 - 11*p**2 - 6*p - 4. What is the hundreds digit of l(-4)?
1
Suppose -5*y + 0*y = 5*p - 60, 0 = p - 5*y. Let x(j) = -5*j. Let w be x(-4). Suppose 4*m - w - p = -2*u, -14 = -2*m - 2*u. What is the units digit of m?
8
Let o = 7 - 35. What is the units digit of (-49)/o*(0 + 4)?
7
Let m be (-1)/(-2)*(-4 + 8). Suppose 2*l = -2*g + 30, -g = m*l + 4*g - 39. What is the tens digit of l?
1
Let b(p) = p**2 - p. Let g be b(1). Suppose 2*l - 2 = -g*l. What is the units digit of l?
1
Let n(c) be the first derivative of c**4/4 + c**2/2 + 22*c - 4. What is the units digit of n(0)?
2
Suppose 2*d + 36 = 5*d. What is the units digit of 2*3/(d/62)?
1
Suppose 14 - 2 = 4*a. Suppose -d - 52 = -3*s, -a*s - s + 62 = -5*d. What is the tens digit of s?
1
Let q(g) = g**3 + 9*g**2 + 5*g + 4. What is the tens digit of q(-5)?
7
Suppose 4 = 2*w - 2. Suppose 0 = -w*f - 2*g + 26, 2*f + 5*g = 4*g + 17. What is the units digit of f?
8
Let y(z) = -z**2 + 7*z + 9. Suppose -2*t + 7 = -t. What is the units digit of y(t)?
9
Let k(r) = -4*r**3 - 9 + 3*r**3 + 9*r**2 - 4 + 12*r. What is the units digit of k(10)?
7
Let k(g) = -g**2 - 8*g + 3. Let l be k(-8). Suppose 5*u = -3*t + 94, -l*t = -4*u + u - 78. What is the tens digit of t?
2
Let b be (-435)/25 + 3/(-5). Let t = b - -21. What is the units digit of t?
3
Suppose 3*t - 8 = 13. What is the units digit of -3 + t/(14/12)?
3
Let m(o) = -2*o. Let y be m(-1). Suppose 4 = -y*b + 8. What is the units digit of b?
2
Suppose 2*u - 5*k = 87, -3*u + 8*u - 201 = -4*k. What is the units digit of u?
1
Let f(l) = l**2 + 274. What is the tens digit of f(0)?
7
Suppose -3*v + 6*v - 51 = 0. What is the tens digit of v?
1
Suppose -2*c = -6*c, g = 5*c - 4. What is the units digit of (-5 + g)*(-3 - -2)?
9
Suppose 70 = 19*q - 18*q. What is the units digit of q?
0
What is the units digit of 2/(-6)*-3 - -6?
7
Let t(i) = 3*i. Let n be t(-5). Let b = 30 + n. Suppose 0 = -0*h + h - b. What is the units digit of h?
5
Let w = 113 - -47. Suppose -w = 11*f - 15*f. What is the tens digit of f?
4
Let j(s) = 5*s**3 - 5*s**2 - 5*s + 4. What is the tens digit of j(4)?
2
Let r(a) = -a**2 - 15*a - 14. Let k be r(-11). Suppose 0 = 5*i - 80 + k. What is the tens digit of i?
1
Suppose 0 = -m - 3*y - 59, 4*m + y + 373 = 82. What is the units digit of (-7)/(-35) - m/5?
5
Let g = -17 + -1. Let v = 22 + g. What is the units digit of v?
4
Suppose 3*q = -2*q - 3*c + 65, 3*q - 5*c - 39 = 0. What is the units digit of q?
3
Let k(o) be the second derivative of 2*o**5/5 - o**3/6 + o**2/2 + 7*o. What is the units digit of k(1)?
8
Let h = 0 - -3. What is the units digit of ((-3)/h)/(2/